118259.
118259
List the prime factors of 6358.
2, 11, 17
List the prime factors of 121119.
3, 47, 859
What are the prime factors of 72277?
72277
List the prime factors of 1172.
2, 293
What are the prime factors of 5081?
5081
What are the prime factors of 4440?
2, 3, 5, 37
List the prime factors of 33171.
3, 11057
What are the prime factors of 2030?
2, 5, 7, 29
What are the prime factors of 4109?
7, 587
List the prime factors of 17580.
2, 3, 5, 293
List the prime factors of 2922.
2, 3, 487
List the prime factors of 5350.
2, 5, 107
What are the prime factors of 588?
2, 3, 7
List the prime factors of 1479.
3, 17, 29
List the prime factors of 2129.
2129
What are the prime factors of 9403?
9403
What are the prime factors of 952?
2, 7, 17
What are the prime factors of 8403?
3, 2801
List the prime factors of 39633.
3, 11, 1201
What are the prime factors of 31815?
3, 5, 7, 101
List the prime factors of 836.
2, 11, 19
List the prime factors of 2869.
19, 151
List the prime factors of 9293.
9293
What are the prime factors of 37530?
2, 3, 5, 139
What are the prime factors of 75285?
3, 5, 7, 239
List the prime factors of 138269.
37, 101
What are the prime factors of 573?
3, 191
What are the prime factors of 1373?
1373
List the prime factors of 1344.
2, 3, 7
List the prime factors of 28644.
2, 3, 7, 11, 31
List the prime factors of 517.
11, 47
List the prime factors of 5823.
3, 647
What are the prime factors of 1095?
3, 5, 73
What are the prime factors of 1002?
2, 3, 167
What are the prime factors of 2310?
2, 3, 5, 7, 11
What are the prime factors of 10061?
10061
List the prime factors of 6637.
6637
What are the prime factors of 31782?
2, 3, 5297
What are the prime factors of 3100?
2, 5, 31
List the prime factors of 11361.
3, 7, 541
List the prime factors of 3964.
2, 991
List the prime factors of 2703.
3, 17, 53
List the prime factors of 3713.
47, 79
List the prime factors of 28211.
28211
What are the prime factors of 5661?
3, 17, 37
What are the prime factors of 6535?
5, 1307
What are the prime factors of 3816?
2, 3, 53
What are the prime factors of 77429?
11, 7039
List the prime factors of 15855.
3, 5, 7, 151
List the prime factors of 88659.
3, 9851
List the prime factors of 662.
2, 331
List the prime factors of 13770.
2, 3, 5, 17
List the prime factors of 8819.
8819
What are the prime factors of 21692?
2, 11, 17, 29
What are the prime factors of 1843?
19, 97
What are the prime factors of 17122?
2, 7, 1223
List the prime factors of 312.
2, 3, 13
What are the prime factors of 48154?
2, 24077
List the prime factors of 275.
5, 11
What are the prime factors of 130?
2, 5, 13
What are the prime factors of 14176?
2, 443
List the prime factors of 409.
409
What are the prime factors of 85219?
31, 2749
What are the prime factors of 3546?
2, 3, 197
What are the prime factors of 3018?
2, 3, 503
What are the prime factors of 3569?
43, 83
What are the prime factors of 6175?
5, 13, 19
List the prime factors of 41722.
2, 23, 907
List the prime factors of 3654.
2, 3, 7, 29
What are the prime factors of 8241?
3, 41, 67
What are the prime factors of 147924?
2, 3, 7, 587
List the prime factors of 63372.
2, 3, 5281
List the prime factors of 6419.
7, 131
What are the prime factors of 11528?
2, 11, 131
List the prime factors of 724.
2, 181
List the prime factors of 12958.
2, 11, 19, 31
What are the prime factors of 107452?
2, 26863
List the prime factors of 50118.
2, 3, 8353
What are the prime factors of 3029?
13, 233
What are the prime factors of 2119?
13, 163
What are the prime factors of 2639?
7, 13, 29
List the prime factors of 394.
2, 197
What are the prime factors of 2513?
7, 359
What are the prime factors of 18525?
3, 5, 13, 19
List the prime factors of 17166.
2, 3, 2861
What are the prime factors of 94240?
2, 5, 19, 31
What are the prime factors of 4076?
2, 1019
What are the prime factors of 76559?
7, 10937
List the prime factors of 10225.
5, 409
List the prime factors of 63708.
2, 3, 5309
What are the prime factors of 120290?
2, 5, 23, 523
List the prime factors of 2900.
2, 5, 29
What are the prime factors of 43886?
2, 21943
List the prime factors of 423.
3, 47
What are the prime factors of 1509?
3, 503
What are the prime factors of 92909?
53, 1753
List the prime factors of 3213.
3, 7, 17
What are the prime factors of 28191?
3, 9397
List the prime factors of 86260.
2, 5, 19, 227
List the prime factors of 9221.
9221
What are the prime factors of 3255?
3, 5, 7, 31
What are the prime factors of 28601?
37, 773
List the prime factors of 7477.
7477
What are the prime factors of 16369?
16369
What are the prime factors of 23648?
2, 739
What are the prime factors of 7651?
7, 1093
What are the prime factors of 27338?
2, 13669
What are the prime factors of 12442?
2, 6221
What are the prime factors of 33708?
2, 3, 53
List the prime factors of 1540.
2, 5, 7, 11
List the prime factors of 311.
311
What are the prime factors of 70566?
2, 3, 19, 619
List the prime factors of 197.
197
List the prime factors of 33805.
5, 6761
What are the prime factors of 1642?
2, 821
List the prime factors of 578.
2, 17
List the prime factors of 6008.
2, 751
List the prime factors of 5042.
2, 2521
List the prime factors of 13484.
2, 3371
What are the prime factors of 7332?
2, 3, 13, 47
What are the prime factors of 357?
3, 7, 17
List the prime factors of 3406.
2, 13, 131
List the prime factors of 2919.
3, 7, 139
List the prime factors of 42292.
2, 97, 109
What are the prime factors of 593?
593
What are the prime factors of 32964?
2, 3, 41, 67
What are the prime factors of 35348?
2, 8837
What are the prime factors of 1188?
2, 3, 11
What are the prime factors of 778?
2, 389
What are the prime factors of 16190?
2, 5, 1619
List the prime factors of 16284.
2, 3, 23, 59
List the prime factors of 402.
2, 3, 67
List the prime factors of 249.
3, 83
What are the prime factors of 802?
2, 401
List the prime factors of 5867.
5867
What are the prime factors of 2722?
2, 1361
What are the prime factors of 1301?
1301
List the prime factors of 6161.
61, 101
List the prime factors of 78671.
151, 521
List the prime factors of 22350.
2, 3, 5, 149
What are the prime factors of 1001?
7, 11, 13
List the prime factors of 2875.
5, 23
What are the prime factors of 2277?
3, 11, 23
List the prime factors of 2433.
3, 811
List the prime factors of 13068.
2, 3, 11
What are the prime factors of 65126?
2, 32563
List the prime factors of 68250.
2, 3, 5, 7, 13
What are the prime factors of 5425?
5, 7, 31
List the prime factors of 11176.
2, 11, 127
What are the prime factors of 34618?
2, 19, 911
What are the prime factors of 121988?
2, 30497
What are the prime factors of 7953?
3, 11, 241
List the prime factors of 692.
2, 173
List the prime factors of 662.
2, 331
What are the prime factors of 2160?
2, 3, 5
List the prime factors of 805.
5, 7, 23
What are the prime factors of 9616?
2, 601
List the prime factors of 361.
19
List the prime factors of 1585.
5, 317
What are the prime factors of 1179?
3, 131
List the prime factors of 32681.
11, 2971
What are the prime factors of 996?
2, 3, 83
List the prime factors of 41293.
7, 17, 347
What are the prime factors of 2584?
2, 17, 19
List the prime factors of 7413.
3, 7, 353
What are the prime factors of 2971?
2971
What are the prime factors of 54?
2, 3
List the prime factors of 1651.
13, 127
What are the prime factors of 1699?
1699
List the prime factors of 48010.
2, 5, 4801
List the prime factors of 67456.
2, 17, 31
List the prime factors of 3089.
3089
List the prime factors of 183859.
13, 14143
What are the prime factors of 36455?
5, 23, 317
List the prime factors of 522.
2, 3, 29
List the prime factors of 1723.
1723
What are the prime factors of 106?
2, 53
What are the prime factors of 700?
2, 5, 7
List the prime factors of 24872.
2, 3109
What are the prime factors of 46352?
2, 2897
What are the prime factors of 92?
2, 23
What are the prime factors of 8425?
5, 337
What are the prime factors of 294?
2, 3, 7
What are the prime factors of 3901?
47, 83
What are the prime factors of 62398?
2, 7, 4457
List the prime factors of 4814.
2, 29, 83
List the prime factors of 38207.
13, 2939
What are the prime factors of 34896?
2, 3, 727
What are the prime factors of 3183?
3, 1061
What are the prime facto